late o(8).
-8
Let w(q) = 2*q. Let p(n) = -3*n**2 - 141*n + 4*n**2 + 147*n. Let h(y) = p(y) - 3*w(y). Let m be (4/(-6))/((-3)/9). What is h(m)?
4
Let h(j) = 2*j + 26. Let m be h(-15). Let z(u) = 2. Let i(p) = 7*p + 19. Let a(k) = m*z(k) + i(k). Determine a(-2).
-3
Suppose 0 = u + 2*u - 2*x - 8, -2*u - 13 = -5*x. Suppose -5*m - 4 = 3*v, u = 4*v - 2*m - 6. Let b(i) = -i**3 - 4*i**2 + 4*i - 3. Calculate b(v).
-19
Let i be (1 - -1) + 38 + -45. Let w(j) = j**3 + 5*j**2 - 7*j - 25. Determine w(i).
10
Let c(f) = -4*f - 5. Let j be c(-2). Suppose 0 = -18*w + j*w + 135. Let l(n) = -n**3 + 8*n**2 + 9*n + 12. Calculate l(w).
12
Let i(c) be the first derivative of c**4/4 + 3*c**3 + 21*c**2/2 + 11*c + 5982. Determine i(-6).
-7
Let y(i) = 7*i - 17. Let o = 6583 - 6576. Give y(o).
32
Let w be (-15)/9*-1 - 506/(-69). Let u(q) = -w - 3 + q**2 - 7*q - 2 + 5*q. Give u(4).
-6
Let c = 3089 + -3095. Let p(t) = t**3 + 3*t**2 - 9*t + 4. Calculate p(c).
-50
Let l(y) = 8*y**2 + 2*y + 1. Let t be 2*-1*146 + -62 + 57. Let s = t - -296. Give l(s).
7
Let w be 4 - ((-7 - 2) + 9 + -3). Let u(y) = -42*y**3 + 41*y**3 - 6*y**2 - 55*y + 51*y + w. What is u(-5)?
2
Let j(y) = -y + 2. Let x be -2 + (-28)/20 - 10/(-25). Let t be (-8 - -6) + x/((-3)/11). Determine j(t).
-7
Let q(o) = -o**3 - 2*o**2 + 8*o + 3. Let x(y) = y**3 + 2*y**2 - 9*y - 3. Let z(w) = -3*q(w) - 2*x(w). Suppose -n - 34 = 5*k, 5*n = 2*n + 2*k. Give z(n).
-11
Let y(q) = -13*q - 351. Let u(a) = 25*a + 706. Let w(b) = -6*u(b) - 11*y(b). What is w(-53)?
-4
Let g = 16 + -12. Let x(f) be the first derivative of 5*f - 32 - 3/2*f**2. Determine x(g).
-7
Let m be (-16)/6 + (-12)/(-18). Let p(y) = -9 + 4 - 2 + 2*y + 2. Let f(s) = s - 6. Let w(o) = m*p(o) + 3*f(o). What is w(-6)?
-2
Suppose -22*c = -17*c - 11*c. Suppose g + 2*j - 4 = c, -g - g = j + 7. Let w(b) = b**3 + 6*b**2 - 2*b - 13. Determine w(g).
-1
Let t(q) = -25*q - 18 + q**2 + 42 + 39. What is t(22)?
-3
Let s = 4675 + -4675. Let x(y) = 5*y - 7. Determine x(s).
-7
Let z(a) be the first derivative of a**5/60 - a**4/8 - 39*a**2 - 46. Let c(t) be the second derivative of z(t). Calculate c(4).
4
Let v(j) = j**3 - 14*j**2 - 19*j + 12. Let b be (-4216)/(-280) + 20/(-350). Give v(b).
-48
Let k(s) = s**2 - 5*s + 1. Let n be k(5). Let t be 0 - n/(-1)*5. Let h(u) be the first derivative of 2*u**3/3 - 4*u**2 + 3*u - 42050. Give h(t).
13
Let r(s) = -s**3 + 8*s**2 - 9*s + 12. Let c = -766 - -694. Let y be (39 - -3)*2/(c/(-6)). Determine r(y).
-2
Let y = -58 + 115. Suppose 4*q + 4 - y = 3*w, w = 4*q - 47. Let p be -8 + -1 + 44/q. Let s(b) = -2*b - 5. What is s(p)?
5
Suppose 36*n - 225 = 8*n + 111. Let h(f) = f**2 - 8*f - 32. Determine h(n).
16
Suppose 25 = 4*q + q. Let f(n) = -q - 2*n**2 + 6 + 2*n + 0*n - n**2. Let c be (1/(-6))/(241/1446). Give f(c).
-4
Suppose 5 - 1 = z. Let u be z/2 - (-1 + 0). Suppose 0*x + u*x = -18. Let j(d) = d**3 + 7*d**2 + 7*d + 5. Determine j(x).
-1
Let o(c) = -c**3 - 4*c**2 - c - 9. Suppose 2*p + 2*n = -12, -2*p - 3 = -2*n + 1. Let v be o(p). Let t(y) = y**3 + 6*y**2 + 5*y - 4. What is t(v)?
-4
Let x(u) be the first derivative of -u**3/3 + 19*u**2/2 - 47*u - 2179. What is x(16)?
1
Let s(c) = 2*c + 5. Let t = 1735 + -1744. Calculate s(t).
-13
Suppose -4*c - 4*w - 6 = -34, -45 = -3*c + 3*w. Let m(b) = -3*b**2 + 9*b + 37. Let p(h) = -h**2 + 3*h + 13. Let i(r) = c*p(r) - 4*m(r). Determine i(-4).
23
Let a(b) be the second derivative of b**3/3 + 7*b**2 + 224*b. Give a(-7).
0
Let z(i) = -i**2 + 15*i - 11. Let h be z(14). Let j(b) = 16*b + 12*b - 2 + 6*b - 45*b + 7*b + b**2. What is j(h)?
-5
Let r(h) = 4*h - 4. Let x = -2773 + 2777. What is r(x)?
12
Let b(u) be the first derivative of 1/6*u**3 - 1/15*u**5 - 2*u**2 + 0*u + 0*u**4 - 21. Let d(r) be the second derivative of b(r). What is d(1)?
-3
Let o(h) = 9*h + 1. Suppose 109 + 26 = 5*r + 2*f, -2*f = -2*r + 40. Let s be 5/(-2)*(-20)/r. Let z be -2*1*(5/s + -2). Calculate o(z).
-8
Suppose 4*p + 4*b = -312, 2*p - 3*b - b + 180 = 0. Let i = 85 + p. Let g(z) = 4*z + i - 4*z**2 - 10*z + 3*z**2. Calculate g(-6).
3
Suppose -493 = -j - 465. Suppose -8*v + j = 52. Let a(i) = -i**2 - 2*i - 4. Determine a(v).
-7
Let n(m) be the first derivative of -7/3*m**3 - 1/4*m**4 - 4*m + 3*m**2 - 195. What is n(-8)?
12
Let m be (-27)/18 - (-11)/2. Let d(r) = -9*r**2 - 8*r - 3. Let a(b) = -2*b**2 + 1. Let v(t) = m*a(t) - d(t). Determine v(-9).
16
Let u(k) = k**3 - 71*k**2 + 142*k - 287. Let l be u(69). Let m(t) = t**3 + 10*t**2 - 10*t + 6. What is m(l)?
-5
Let j(t) be the second derivative of 3*t**4/4 + t**3/3 + 1737*t. Let c = 43 + -45. Determine j(c).
32
Suppose 3*k = -2*f + 30, -344*k + 340*k = -7*f - 98. Let b(n) = -n**2 + 18*n - 21. Determine b(k).
35
Let y(l) = l**2 + 54*l - 493. Suppose 2*d + 72 = 10*d + 8. Determine y(d).
3
Let m(q) be the third derivative of 5*q**4/24 + 5*q**3/6 - 64*q**2. Suppose -2*y - 3 = b, -3*b + 0*b - 1 = -2*y. Calculate m(b).
0
Let j(v) = 4*v - 4. Suppose 2*y + 22 = 34. Suppose -6*g - y*g + 36 = 0. Calculate j(g).
8
Let w(p) = -p**2 - 6*p - 5. Suppose 3*n = -9 + 24. Suppose 0 = 3*o - n*g + 150, -5*o - 200 = -o + 3*g. Let a be (18/39)/(-3) + o/13. Give w(a).
3
Let h(w) = w**3 + 6*w**2 + 6*w - 12. Let o be 2/(-9 + 559/65). What is h(o)?
-17
Suppose 35*w - 705 + 145 = 0. Let x(o) = 0 + w*o**2 - 4*o**2 + 12*o - 9*o**2 + 10. Calculate x(-4).
10
Let o(b) be the second derivative of -b**3/6 - 39*b**2/2 + 235*b + 2. Calculate o(-18).
-21
Let g be (672/(-70) - -9)*-10. Let j(x) = -x**3 + 6*x**2 - 5*x + 7. Let o be j(5). Suppose f = -g*f - o. Let i(l) = -8*l**3 + 2*l**2 + l. Determine i(f).
9
Let j(w) = 2*w**2 - 86*w - 1061. Let x be j(53). Let b(q) = -112*q**3 + q**2 - 3*q - 3. Give b(x).
113
Let u(v) = 3*v. Let q(b) = -4*b + 1. Let j(l) = -2*q(l) - 3*u(l). Let t be (306/24)/17 + 34/8. Give j(t).
-7
Let c = 122 - 118. Suppose 0 = -f + 1, -6*f = 5*g - c*f - 42. Let w(x) = -x**3 + 9*x**2 - 9*x - 1. Determine w(g).
-9
Let y(v) = -v**2 - 31*v + 60. Let q be (1/((-6)/(-8)))/((-832)/20592). Determine y(q).
-6
Let u(k) be the third derivative of -k**4/12 + 19*k**3/6 - k**2. Let p be 0/2 - (38/(-6) - 655/393). Determine u(p).
3
Suppose 11 = -b + 5*b - t, b + 3*t - 19 = 0. Suppose -q - b*g = -0*q - 53, 0 = -2*q + g + 97. Let y = -41 + q. Let w(l) = -l + 1. Calculate w(y).
-7
Let d(c) = -4*c + 32. Let n(i) be the first derivative of i**2/2 - 8*i - 22. Let g(o) = 6*d(o) + 22*n(o). Give g(11).
-6
Let u(z) be the third derivative of z**4/24 - z**3/3 + z**2. Let k(n) = 12*n**2 + 9 + 0*n**3 - 72*n + 109*n - n**3 + 2*n**3. Let h be k(-6). Give u(h).
1
Suppose 17*f - 274708 = -274606. Let q(w) = -20*w + 41*w - 18*w - 13. Calculate q(f).
5
Let g be (1 - (-10)/(-4))*-4. Let l(k) = 5*k + 16. Suppose -57*r + 81 = -48*r. Let j(o) = -2*o - 8. Let n(i) = r*j(i) + 4*l(i). Give n(g).
4
Let l(u) = 98 - 397*u + 130*u + 140*u + 142*u. Let f be l(-6). Let x(n) = -6*n + 8. What is x(f)?
-40
Let f be (-5)/35 - 15/(-7). Let p(z) = -10*z**3 - z**2 + 0*z**f + 1 - 281*z + 2*z**2 + 282*z. What is p(-1)?
11
Let n(q) = -5*q**2 + 2*q + 17. Suppose 0 = -17*r - 1862 + 1794. Calculate n(r).
-71
Let u be (-3484)/(-402)*(-18)/4. Let o(d) = -d**3 - 37*d**2 + 78*d - 20. Calculate o(u).
-20
Suppose 3*j + 2*j = 25. Let c(a) be the first derivative of a**2/2 - 6*a + 1725. Calculate c(j).
-1
Let n(r) be the second derivative of 2*r**2 - 1/6*r**3 + r + 0. Let u(y) = 2*y**2 - 10*y - 68. Let t be u(-4). Calculate n(t).
0
Let m(o) = -o**2 - 19*o - 55. Let w = 10081 + -10096. Determine m(w).
5
Suppose 14 = -2*a - q + 44, 0 = 2*a - 5*q - 30. Suppose 0 = a*m - 45. Let v(i) = i**2 + 2*i**2 - 3 - 2*i**2. Calculate v(m).
6
Let c(r) = -r**3 + 4*r**2. Suppose 15*w - 7 + 2 = 55. What is c(w)?
0
Let f(u) = -u**2 + 6*u + 18. Let h(n) = -2*n**2 - 458*n + 6. Let k be h(0). Give f(k).
18
Let w(h) = -185*h - 3. Let j be w(0). Let r(y) = y**2 + 5*y + 1. Determine r(j).
-5
Let g(x) be the third derivative of -x**6/360 - x**5/6 + 7*x**4/24 - 77*x**3/6 + 280*x**2. Let a(j) be the first derivative of g(j). Give a(-20).
7
Let s(h) be the second derivative of h**4/6 - 9*h**3/2 - h**2 + 25*h + 67. Calculate s(14).
12
Let b(k) = -k**2 - 1. Let p = -461 + 465. Calculate b(p).
-17
Let n(f) = f**2 + 7*f + 1. Let h = -262 + 326. Suppose h = -22*a - 46. Give n(a).
-9
Let m be 2/4*(-15 + (-1